et x(t) = t**3 - 6*t**2 - 6*t - 11. What are the prime factors of x(u)?
3, 23
Let j(f) = f**3 - 6*f**2 - 12*f + 48. Let n be j(7). Suppose n*h = -438 + 4130. What are the prime factors of h?
2, 71
What are the prime factors of (-1 - (-6)/12)/((-2)/30264)?
2, 3, 13, 97
Let g = 78794 - 44264. What are the prime factors of g?
2, 3, 5, 1151
Let y = 350 - 576. Let k = y - -1277. What are the prime factors of k?
1051
Let o be ((-8)/10)/((-2)/20). Let p(a) = a**2 - 38*a - 264. Let r be p(44). Suppose o*q - 1234 - 342 = r. What are the prime factors of q?
197
Let c(v) = v**2 - 2*v - 3. Let i be c(6). Suppose 11*z = 4*z + i. Suppose -2*n - z*s = -n - 45, 0 = -5*n - 5*s + 275. What are the prime factors of n?
2, 3, 5
Suppose 19862*p - 19820*p - 2030490 = 0. List the prime factors of p.
3, 5, 11, 293
Suppose -11877 = -4*k - 0*t - t, 5*k = 3*t + 14859. Suppose 0 = -5*x + 4*v - 9*v + k, -x + 564 = -5*v. What are the prime factors of x?
19, 31
Suppose 18*c - 8211 - 8601 = 0. Let d = c - 397. Let s = d + -269. What are the prime factors of s?
2, 67
Suppose 0 = -29*z + 118*z - 3592163 + 16232. What are the prime factors of z?
3, 59, 227
Suppose 378568 = -103*u + 654335 + 570069. List the prime factors of u.
2, 2053
Suppose -4*h + 88 = -4*y - 632, -y = -3*h + 536. Suppose h*o - 182*o = -400. List the prime factors of o.
2, 5
Let w(p) = p**2 + 25*p - 20. Let o be w(10). List the prime factors of ((-11)/(o/(-24)))/(4/5470).
2, 547
Let n(i) = 2*i - 9*i + i - 5 - 6. Suppose 2*a - 18 = 6*a + 2*l, 3*l = a + 1. What are the prime factors of n(a)?
13
Suppose -5*h + l - 34 = 0, -3*h - 25 = -70*l + 74*l. Let d(z) = 4*z - z + z**2 - 3 - z. List the prime factors of d(h).
2
Suppose -5*y - 7888 = 402. Suppose 0 = -2*g - 2*q + 24, 5*g - 18*q = -17*q + 48. List the prime factors of g/(-45) + 4*y/(-36).
2, 23
Let r be 1/(-4*(-6)/(-1968)). Let u = r + 502. List the prime factors of u.
2, 3, 5, 7
Let z = -13534 + 20877. What are the prime factors of z?
7, 1049
Let c(a) = 4*a**2 + 18*a - 175. Let n be -5*14/35 + 9. List the prime factors of c(n).
3, 7
Let i(s) = -614*s**3 + 5 - 326*s**3 + 5*s**2 - 12*s - 4*s**2 + 17*s. List the prime factors of i(-1).
941
Let y(x) = 20*x**3 + 6*x**2 + 6*x - 96. What are the prime factors of y(7)?
2, 5, 71
Let p(k) = -k**2 - 3*k + 51. Let m be p(6). List the prime factors of 5/((-5)/(-61)) + m - 4.
2, 3
Let d = 14 - 11. List the prime factors of (-4 - 22/(-6))*-125*d.
5
Suppose 0 = -2*w - 11 + 21. Suppose -51 = w*v - 56. Suppose 3*h - 14 = v, 711 = 4*p - h. What are the prime factors of p?
179
Let v = 111789 + -40311. List the prime factors of v.
2, 3, 11, 19
Suppose 1314*n - 4*z - 15222 = 1311*n, 5*n - 25362 = 4*z. What are the prime factors of n?
2, 3, 5, 13
Suppose 0 = 18*w - 3*w - 30. Suppose w*b - 8*z + 11*z = 871, -4*z = 2*b - 874. List the prime factors of b.
431
Suppose -s - 2430 = 2*f - 9805, 3*f + s = 11066. What are the prime factors of f?
3691
Suppose 0 = -4*w + a + 9, 5*w - 24 = 2*w - 5*a. Suppose -3*l = w*y - 561, 4*y = -4*l + 6*y + 748. What are the prime factors of l?
11, 17
Suppose 189*n = -75*n - 343*n + 12848369. List the prime factors of n.
61, 347
Let r = -226 - -2246. Suppose 9*p = -p - r. Let w = 33 - p. What are the prime factors of w?
5, 47
Suppose 3*o = -j - 1845 + 17649, 2*o = 6. List the prime factors of j.
3, 5, 13
Let r(a) be the third derivative of 0 + 1/60*a**5 + 11*a**2 + 3/2*a**3 - 1/24*a**4 + 0*a. What are the prime factors of r(7)?
3, 17
Suppose 223*q - 222*q = 10749. What are the prime factors of q?
3, 3583
Let j be (1 - 3)*6/(-4). Suppose j*u + 8 - 500 = 0. Let f = 259 - u. List the prime factors of f.
5, 19
What are the prime factors of 2/38 + (-2464670)/(-190)?
2, 3, 23, 47
Suppose q + 4*h + 4065 = 1551, q - 3*h = -2542. Let u = 4115 + q. List the prime factors of u.
5, 317
Let r be 280/30 - (-3)/(-9). Suppose -r*v = 5*v - 2604. What are the prime factors of v?
2, 3, 31
Let q = 108 - 426. Let p be 24/9*q/(-4). Suppose -31*n + p = -27*n. List the prime factors of n.
53
Let h(j) = 4*j**2 - 22*j + 132. Let l(m) = 2*m + 2. Let z(s) = h(s) + 2*l(s). What are the prime factors of z(18)?
2, 277
Let j(r) = -58696*r**3 + 4*r**2 - 24*r - 27. List the prime factors of j(-1).
79, 743
Let b(l) = -6*l**3 + l**2 + l. Suppose 36*v - 35*v = 48. Let u = v - 50. List the prime factors of b(u).
2, 5
Let m(r) be the first derivative of 8*r**3/3 - 33*r**2/2 + 31*r + 68. What are the prime factors of m(13)?
2, 3, 53
Suppose -20 = 4*v + 2*y, -10 = 10*v - 8*v - 3*y. List the prime factors of 732 + (v + 4 - -9).
2, 5, 37
Let m be 176/(-28) + 0 + 14/49. Let r(n) = n**2. Let u(b) = -b**3 - 9*b**2 - b + 10. Let z(l) = -2*r(l) - u(l). List the prime factors of z(m).
2, 5
Suppose -134 + 2414 = -5*f. Let m = 9 - f. Suppose 72*r = 77*r - m. List the prime factors of r.
3, 31
Suppose 0 = -p - p + 6. Suppose 3*t - p = 2*t. Suppose -t*v + 13 + 152 = 0. List the prime factors of v.
5, 11
Let u = 582 - 586. Let t(r) be the first derivative of -r**4/4 - r**3/3 + 5*r**2/2 + 9*r - 4. What are the prime factors of t(u)?
37
Suppose -61 = -4*i + 583. Let q = i - 92. Suppose -3*t = t + w - 72, -3*t + 3*w = -q. What are the prime factors of t?
19
Suppose 273322 = 332*n - 6289322. List the prime factors of n.
3, 11, 599
Suppose -5*b + 2*o = -3*b + 48, 0 = -5*b - o - 120. Let n be (5/4*-3)/(b/(-64)). What are the prime factors of (-1066)/n + 13/(260/8)?
107
Suppose -2*t - u + 921 = -170, -t = u - 549. What are the prime factors of t?
2, 271
Suppose 0 = -2*j - 4*w + 30, 9 + 22 = 2*j + 5*w. List the prime factors of (-684 - j)*(-2 - -1).
17, 41
Suppose 0 = -4*m - 14 - 218. Let c = 58 + m. Suppose 7*u - 45 - 11 = c. What are the prime factors of u?
2
Let r = -156 + 413. Suppose 0 = -z + 3*n + r, 244 = 3*z + 2*n - 494. What are the prime factors of z?
2, 31
Suppose 322*i - 38247 = 320*i + 5*c, c - 95523 = -5*i. List the prime factors of i.
2, 41, 233
Suppose -12*c + 565 = -7*c. Suppose -3 = d, 376 = -5*j + 2*d - c. Let q = -58 - j. What are the prime factors of q?
41
Let a(c) = c**2 - 7*c - 6. Let q = 36 - 32. Let w be 2 + -4 - 1/(2/q). What are the prime factors of a(w)?
2, 19
Let z be (6/24)/((-2)/80*-2). Suppose -2*c - 146 = -0*c - 5*r, 4*c + z*r = -232. What are the prime factors of 278/3 + 42/c?
2, 23
Suppose 3*x + 5*a - 194 = 0, 86*a - 85*a + 224 = 3*x. What are the prime factors of x?
73
Let l(q) = q**3 - 2*q**2 - 3*q + 2. Let r be l(0). Suppose -3 = 3*a, r*u = -3*u + 2*a + 3822. What are the prime factors of u?
2, 191
Suppose -252745 = -5*v - t, 0 = 4*v - 1007*t + 1019*t - 202140. List the prime factors of v.
2, 3, 5, 337
Let d(r) = -20*r**2 - 2*r - 6. Let i be d(-3). Let j = 783 + i. What are the prime factors of j?
3, 67
Let a(z) = -2*z**3 + 49*z**2 + 26*z + 39. Let t be a(25). List the prime factors of -4*(-3)/96 + 58872/t.
2, 5, 23
Suppose -14*q + 21574 = -9*q + 9*q. List the prime factors of q.
23, 67
Suppose -5*c - 4*t + 3*t + 39 = 0, 3*t = 2*c - 19. Suppose 3*p = -2*u + 33 - c, u = -5*p + 37. Suppose -p*o + 600 = o. List the prime factors of o.
3, 5
Suppose 36 = -9*c + 396. Suppose 0 = -c*h + 20042 + 2238. What are the prime factors of h?
557
Let w(r) be the third derivative of 2*r**5/15 + 7*r**4/24 - 5*r**3/6 - r**2. Suppose 0 = -4*y - 3*l - 3 - 2, -2*y - 35 = -5*l. List the prime factors of w(y).
2, 5
Let l(u) = -u**3 + 2*u**2 - u + 10. Let k(o) = -o**2 + 0*o**2 - 32 + 27 + o**3. Let p(j) = -5*k(j) - 3*l(j). What are the prime factors of p(-4)?
5, 19
Suppose 59*c - 62*c + 15609 = 2*m, c + 3 = 0. What are the prime factors of m?
3, 19, 137
Suppose 0 = 23*z - 25*z + 10. Suppose -b = -2*d + 6*d - 1692, 3*d - 1286 = -z*b. List the prime factors of d.
2, 211
Suppose 337264 + 213321 = 7*q. What are the prime factors of (-1)/11 + q/55?
2, 5, 11, 13
Suppose 220*r + 5302 = m + 216*r, 0 = -m - 2*r + 5320. List the prime factors of m.
2, 2657
Let o(z) = -2*z**3 + z**2 - z + 3. Let t(k) = 2*k**3 + 2*k - 2. Let y(u) = 3*o(u) + 4*t(u). Let f be y(-3). Let x = 52 - f. List the prime factors of x.
3, 31
Let m = 108037 - 61617. List the prime factors of m.
2, 5, 11, 211
Let u = -734 + 1570. Suppose 2*a + 2*a + 8 = 0, 4*w - 2*a = u. List the prime factors of w.
2, 13
Suppose 5*j = -6*j + 2684. Suppose -5*r - 2*c + 73 = 0, 3*c - 42 = -3*r - 0. Suppose -11